r - 438 + 46, x = -r + 2. What is the highest common divisor of i and 10?
10
Let t = -36 - -17. Let d = t - -32. What is the greatest common factor of d and 52?
13
Let l(m) = -9*m + 14. Let r(y) = -6*y + 9. Let k(s) = -5*l(s) + 7*r(s). Let j be k(5). What is the highest common divisor of 88 and j?
8
Suppose -3*t = -3*g + 6, -5*g - 3*t + 57 = 15. Suppose m = 4*p + 30, 2*p - 158 + 26 = -3*m. What is the greatest common divisor of m and g?
6
Let i = 2 + -1. Suppose -93 = 4*l - 5. Let b be (-6)/9 + l/(-6). Calculate the highest common divisor of b and i.
1
Let t(x) = 38*x**2 + 6*x - 5. Let h be t(2). What is the highest common divisor of h and 106?
53
Suppose -3*a + 64 = -2*y, 4*a + 3*y - 92 = -y. Suppose 0*o = o - 5*f - 159, 615 = 4*o + f. What is the highest common factor of o and a?
22
Let s be (-3)/(-6) + 79/2. Calculate the greatest common factor of 440 and s.
40
Suppose 0 = -7*r + 2*r + 285. What is the highest common factor of 3 and r?
3
Suppose 2*w = -w - 5*t + 8, -3*w - 2*t + 5 = 0. Suppose -11 = -m + w. What is the highest common factor of 96 and m?
12
Let u(r) = 0*r - r + 2*r - 5. Let o be u(9). Suppose -s = 5*q - 449, -7*q + 454 = -2*q - o*s. What is the greatest common divisor of 18 and q?
18
Let x(g) = g**2 + 11*g + 7. Let z be x(-12). What is the greatest common factor of z and 95?
19
Let b = -29 - -15. Let f be 4/b - (-8)/28. Suppose f*k - 3*k = -18. What is the greatest common factor of k and 15?
3
Let i = -5 - -22. Suppose 19 + i = -3*p. Let t be p/2*3/(-3). Calculate the highest common divisor of t and 18.
6
Suppose -p = -2*d - 8, 2*p = -0*p - 2*d - 2. Suppose 2*y = 62 - p. Calculate the highest common factor of y and 10.
10
Let i = 37 - 16. What is the highest common divisor of 49 and i?
7
Suppose 2*n - 5*u + 0 - 10 = 0, 5*n - 4*u - 8 = 0. Let z = 5 + n. Let g(w) = 10*w - 135. Let o be g(19). What is the greatest common factor of z and o?
5
Let c(v) = -v**2 - 7*v + 2. Let l be c(-5). Suppose 3*o + 349 = n, 4*o + 2*n = -2*n - 476. Let t = o + 225. Calculate the greatest common factor of l and t.
12
Let b(l) = -l**2 + 20*l - 12. Let m be b(19). Calculate the highest common divisor of 21 and m.
7
Suppose -2*j + 0*j - 20 = 0. Let i = j + 42. Let p(t) = -t + 4. Let r be p(0). What is the highest common factor of r and i?
4
Let r be 16/56 + 850/14. Suppose -r = -4*w + 31. Calculate the highest common divisor of 23 and w.
23
Suppose -2*d = -4*d + 2, 4*h = -2*d + 130. Let u be -1 - -3 - h/(-2). Calculate the highest common factor of u and 12.
6
Let o = 41 + -23. Suppose -2 = -j + o. Calculate the highest common divisor of 30 and j.
10
Let x(w) = -3*w**3 - 7*w**2 - 6*w - 6. Let g be x(-4). Let h = -14 - -28. Calculate the greatest common divisor of h and g.
14
Let j(w) = w + 10. Let x be j(-5). What is the greatest common factor of x and 5?
5
Let r = 13 + -8. Let x = 14 - -6. Calculate the highest common divisor of r and x.
5
Let s = -4 - -19. Let g be 5/s + 40/6. Let m(a) = 3*a**2 + a - 2. Let d be m(3). What is the highest common factor of g and d?
7
Suppose 3*q - 3*t - 81 = 0, -2*t + 22 = q + 4. What is the highest common factor of q and 3?
3
Suppose t + 3 = 2, 5*m - 2*t - 17 = 0. Let u(d) = 4*d**3 + 3*d + 3. Let v be u(m). Calculate the highest common factor of v and 15.
15
Let m(z) = -z. Let d(l) = -94*l + 1. Let a(w) = d(w) - 5*m(w). Let k be a(-1). Calculate the greatest common factor of 36 and k.
18
Suppose -2*l + 5*p = -242 + 77, -l + 4*p + 78 = 0. What is the greatest common factor of 18 and l?
18
Let p = -5 - -7. Let t be 7/3 + p/3. Suppose -67 = -5*q + 3*d, q + d = -t*q + 40. What is the greatest common factor of q and 11?
11
Let y(c) = c + 10. Let i be y(-8). Suppose -36 = -i*g - 0*g. Suppose g + 48 = x. Calculate the highest common divisor of 6 and x.
6
Let c(j) = j**2 - 8*j - 25. Let q be c(13). What is the highest common factor of 8 and q?
8
Let n = 9 - -43. Let g = n + -12. What is the greatest common factor of 16 and g?
8
Let h = -2 - -5. Suppose -h*f + 2*f = -16. Let a(z) = 15*z**3 - 3*z**2 + z + 2. Let g be a(2). What is the greatest common factor of f and g?
16
Let m be (-50)/4*60/(-25). Calculate the greatest common factor of 6 and m.
6
Suppose 3*r = 7*r - 32. Let c = 11 - r. Let u = 18 - c. Calculate the greatest common divisor of 75 and u.
15
Let o(k) = k**2 - 3*k - 8. Let v be o(8). Calculate the greatest common factor of v and 80.
16
Suppose -4*s = 141 + 35. Let v = -28 - s. Calculate the greatest common factor of v and 2.
2
Suppose 5 = 13*b - 8*b. Calculate the greatest common divisor of b and 4.
1
Let b(z) = -z**2 - 13*z - 6. Let l be b(-11). Calculate the greatest common factor of 48 and l.
16
Suppose -4*v = v - 50. Let l(g) = g**3 - 5*g**2 + 3*g + 3. Let j be l(4). Let b be 10/(j*(-1)/2). Calculate the greatest common factor of v and b.
10
Let n = 22 - 2. Suppose 0*d - 5*d = -n. Let j(h) = -h + 1. Let k be j(-3). Calculate the highest common divisor of k and d.
4
Let z = 18 - -6. Suppose -z = -m - 3*m. Suppose 0 = -4*c + 105 - 9. Calculate the highest common divisor of m and c.
6
Let p be (-3)/((-15)/(5 - 0)) + 11. Calculate the greatest common factor of p and 24.
12
Let h(u) = -u**3 - u**2 - u - 10. Let m be h(-5). Calculate the highest common factor of m and 5.
5
Suppose -4*c = -8*c + 16. Suppose -35 = -c*v - v. Calculate the greatest common factor of 7 and v.
7
Let r = 19 + -3. Calculate the greatest common divisor of r and 4.
4
Let m = 67 + -2. Suppose n - i - 53 = 17, 2*n - 128 = 5*i. Let k = n - 48. What is the highest common divisor of k and m?
13
Let f = 7 - 4. Suppose -f*k + 55 = 4. Suppose 0 = 2*l - 5*q - 240 - 17, -2*q = -l + 130. Calculate the greatest common divisor of k and l.
17
Suppose -x = 3*n + x - 16, 0 = 4*x - 20. Calculate the greatest common divisor of n and 22.
2
Let l(p) = 6*p + 17. Let m be l(8). Calculate the greatest common factor of 39 and m.
13
Let q(j) = j - 3. Let n be q(3). Suppose 5*x + 1 - 11 = n. Calculate the highest common divisor of 6 and x.
2
Let t be (-376)/(-20) - 4/5. Calculate the highest common factor of t and 90.
18
Suppose -2*u - 37 = -5. Let s = -11 - u. Let v be (20/3)/((-3)/(-18)). Calculate the highest common factor of s and v.
5
Let j be (-14)/(-1 - (0 - -1)). Let z = 43 - j. Calculate the greatest common divisor of 9 and z.
9
Let s = -70 - -241. What is the highest common divisor of s and 9?
9
Let l = -14 + 33. What is the greatest common divisor of l and 19?
19
Suppose 0 = 5*l - 46 - 79. Let f = l - 14. What is the highest common factor of 11 and f?
11
Let p = 14 + -10. Suppose p*g - g = -3*y + 42, 5*y - 88 = 4*g. Calculate the highest common divisor of y and 24.
8
Let r = -42 - -82. What is the highest common divisor of r and 280?
40
Let k = -71 - -332. What is the greatest common factor of k and 29?
29
Suppose -q - 2*d - d + 1 = 0, 0 = -5*q - 3*d + 41. Calculate the highest common factor of q and 30.
10
Let w(l) = 3*l**2 - 15*l + 4. Let p be w(6). Calculate the highest common divisor of 11 and p.
11
Suppose 2*k - 6 = 28. What is the highest common factor of 153 and k?
17
Suppose 0 = -3*u - 3*l, 0*u + 3*u + 4*l = 1. Let s = 1 - u. Let v be 40 - (s - 4)/(-2). Calculate the greatest common factor of 13 and v.
13
Suppose 11 = -5*y - 4, -4*m = -y - 39. Let i = 164 - 83. Calculate the greatest common factor of m and i.
9
Let w(l) = 2*l**2 + 5*l + 2. Let s be w(-3). Let m = 3 - s. Let v be m/12 + 74/12. Calculate the highest common divisor of v and 66.
6
Let v be (-35)/(-3) - 8/12. Let d = -267 - -531. Suppose 2*o = -o + d. Calculate the highest common factor of o and v.
11
Let y be (-36)/(1 - (0 - -2)). Suppose 2*k - y - 24 = 0. Calculate the highest common factor of 12 and k.
6
Let k = 7 - -11. Calculate the greatest common factor of 12 and k.
6
Let f = 3 + -2. Suppose 5*s - 26 = 4*w - w, 2*s + 2*w - 4 = 0. Suppose 0 = -2*a + s*a - 2. What is the highest common factor of f and a?
1
Let o be -4 + (-16)/(-2) - (-1 - 16). What is the greatest common factor of 49 and o?
7
Let j = -32 - -8. Let x be 87/4 + 18/j. What is the greatest common factor of x and 42?
21
Let q = -13 + 28. What is the highest common divisor of q and 240?
15
Let u(j) = -2*j - 6. Let t = -13 - -9. Let c be u(t). Suppose 2*z = -x + 30, -c*x = 2*z + 14 - 40. Calculate the greatest common 